or of 30 and f.
6
Suppose -5*x + 1 = -4. Suppose 5*v + 0*v = 20. Suppose -v*k - k = -35. What is the greatest common factor of x and k?
1
Let y(t) = -81*t**3 - t. Let w be y(-1). Let k = w - 293. Let x = -139 - k. Calculate the highest common divisor of 8 and x.
8
Let z be -1 + (-5)/(10/(-18)). What is the highest common factor of 8 and z?
8
Let k(z) = -44*z. Let m be k(-9). Let n be (-3)/4 - m/(-16). Calculate the greatest common divisor of n and 8.
8
Suppose -5*n + 26 = -2*h - 29, -5*n = 3*h - 30. Calculate the greatest common divisor of n and 90.
9
Let i(l) = 68*l + 3. Let z be i(3). Let q = 280 - 165. Suppose 5*p + 0*p = q. What is the greatest common factor of p and z?
23
Suppose -3*z + 0*z = v - 60, -z = -4*v + 188. What is the highest common factor of 8 and v?
8
Let x be (-275)/(-50)*12/2. What is the highest common divisor of x and 3?
3
Suppose 5*k - 2*k = 2*v - 42, -2*k + 86 = 5*v. Calculate the highest common factor of v and 108.
18
Let b be (-2)/(-5) - (-1984)/40. Calculate the highest common divisor of 10 and b.
10
Let z = 231 + -110. Suppose -3*d - 5*c = 20, 0*c + 7 = -d - 2*c. Let k = 6 - d. What is the greatest common factor of z and k?
11
Let f be (-90)/27*(-6)/4. Suppose 0 = f*c - 46 - 4. Calculate the highest common factor of 90 and c.
10
Let s = 10 - 11. Let x(z) = -12*z - 1. Let p be x(s). What is the highest common factor of p and 121?
11
Let k be 1*2*3/2. Suppose 4*f = 5 + k. Let n = -11 - -13. What is the highest common factor of f and n?
2
Let n be ((-4)/(-3))/((-18)/(-81)). What is the highest common factor of 15 and n?
3
Suppose -5*r = -10*r. Suppose 0*u - 2*u = r. Suppose 42 = f - u*f. Calculate the highest common factor of f and 14.
14
Let c be ((97 - -1) + -2)*2. Suppose -5*b = -b - c. Let h(x) = x**2 - 3*x - 2. Let j be h(-3). Calculate the greatest common divisor of b and j.
16
Suppose 2*w - 40 = -5*i - 3*w, 5*w + 23 = 2*i. Let p = -21 - -120. What is the highest common divisor of i and p?
9
Let h = -87 + 114. Calculate the greatest common factor of h and 18.
9
Suppose 0 = 3*w - 6*w + 3. Let f be -1*(-24 - w) + 3. Calculate the highest common factor of f and 70.
14
Let a(d) = -d**3 + 2*d**2 + 3*d + 2. Let k be a(3). Calculate the greatest common divisor of 3 and k.
1
Suppose 2*h - 30 - 2 = 0. Suppose 2*i - 20 = h. Calculate the greatest common factor of 36 and i.
18
Suppose 0 = 4*q + 35 - 39. Let z(p) = -p. Let u be z(-2). What is the greatest common divisor of q and u?
1
Let u be (-1 - 0)*58 - 1. Let w = -35 - u. What is the highest common factor of 120 and w?
24
Let x be ((-3)/6)/((-1)/26). What is the greatest common divisor of x and 104?
13
Suppose -12 = -3*z, -v + 11 + 16 = -3*z. Suppose -v - 221 = -5*x. What is the greatest common factor of 13 and x?
13
Let r be 52 + 1 - (-16)/4. What is the highest common divisor of 38 and r?
19
Suppose 5*b - 3*a - 188 = -0*a, 4*b = -3*a + 172. What is the greatest common factor of b and 5?
5
Suppose t + 66 = 4*u - t, t = -2*u + 43. What is the highest common factor of u and 76?
19
Suppose 0 = m - 5*z - 2, -m + 0 + 5 = -4*z. Calculate the greatest common divisor of m and 136.
17
Let p = -3 + 9. Let t = p + -9. Let x(z) = -2*z. Let m be x(t). What is the greatest common divisor of 9 and m?
3
Let i(n) = -n**3 - 5*n**2 - 7. Let w be i(-5). Let c(g) = -24*g - 6. Let l be c(w). What is the greatest common factor of 18 and l?
18
Suppose 3*h = 5*s + 19, -6*s + 11*s - 37 = -4*h. Let v be 2 - 6*(-2)/4. Suppose 120 = -2*t + v*t. Calculate the greatest common factor of t and h.
8
Let w = 3 + -3. Let j be (w + 16)*(0 + -1). Let u = 34 + j. What is the greatest common factor of u and 18?
18
Let i = -4 - -2. Let s be (-40)/(-6) + i/3. Suppose 2*m + 18 = 5*k, 3*m - 19 = -7*k + 3*k. Calculate the highest common factor of k and s.
2
Suppose 0 = 5*s - 7*s + 8. Calculate the highest common divisor of s and 2.
2
Suppose -5*v + 58 = 18. Let x(k) = -3*k**2 + 8*k - 6. Let b be x(9). Let o = -89 - b. Calculate the greatest common divisor of o and v.
8
Let x be 5*4/10 + 1. Suppose -2*z = x*k - 12, -2*z + 6 = -3*k - 6. What is the greatest common divisor of 15 and z?
3
Suppose 8*x - 44 + 4 = 0. Let w(h) = -h**2 + h - 43. Let o be w(0). Let f = x - o. Calculate the greatest common divisor of 12 and f.
12
Let a = 8 - 7. Calculate the greatest common divisor of 11 and a.
1
Suppose 5*w - 48 = 152. Suppose 0 = g - 0*g - w. What is the greatest common divisor of g and 5?
5
Suppose 0 = -4*v + 16 + 68. Suppose -2*p - 3*p = 3*o - 21, -2*p - 2 = -4*o. What is the greatest common divisor of p and v?
3
Suppose 5*n = -3 + 38. Calculate the highest common factor of n and 56.
7
Let v be 1*(2 + -1) + 3. Suppose 4 = 3*m - 26. Calculate the highest common divisor of m and v.
2
Let w = 4 + -4. Let g be w - (-7 - -2)*1. Suppose -g*t + 14 = -41. Calculate the highest common divisor of t and 121.
11
Let c(o) = o - 6. Let r be c(8). Suppose r*d - 3*f = -0*f + 3, -5*d + f + 14 = 0. What is the highest common divisor of d and 6?
3
Suppose s - 5*b = 56, 5*s + 2*b - 105 - 40 = 0. Let m = s + -11. What is the greatest common factor of m and 50?
10
Let b(a) = -a**2 - a + 5. Let x be b(5). Let h be ((-10)/x)/(1/10). Suppose -h*c + 30 = c. What is the greatest common factor of c and 54?
6
Let r be 10/(-15) + (-176)/(-3). Let a be r/4 - 3/(-6). Calculate the highest common factor of a and 120.
15
Suppose 0 = -r + 12 - 2. Let g be 45/6*12/9. What is the greatest common divisor of r and g?
10
Let n be -8 - -3 - -1 - -21. Let i(q) = 46*q + 9. Let f be i(8). Suppose -4*o + j + 492 = -3*j, 5*j = 3*o - f. Calculate the greatest common divisor of n and o.
17
Suppose 4*s + 0*s = 36. Let x = 3 + 0. Let u(q) = -q + 4. Let j be u(x). What is the highest common divisor of s and j?
1
Suppose 3*c - 12 = -0. What is the highest common divisor of c and 12?
4
Suppose w = -4*w + 770. What is the greatest common factor of 14 and w?
14
Suppose 116 = -8*t + 12*t. Calculate the highest common factor of 203 and t.
29
Suppose -2*t + y = 3*t - 17, 5*y - 31 = -4*t. Suppose 0 = t*g + g - 30. Calculate the greatest common divisor of 15 and g.
3
Suppose -5*r - 125 = -2*d, 2*d + 6*r - 7*r = 137. What is the highest common factor of d and 30?
10
Let n(i) = -i**3 + 6*i**2 - 3*i - 4. Suppose 0 = -t + 6*t - 25. Let z be n(t). Calculate the greatest common divisor of z and 6.
6
Suppose -5*s = -0*s - 5*m - 10, s - 2 = -5*m. Suppose -s*p = 5 - 19. Calculate the greatest common factor of 28 and p.
7
Suppose 7*n + 63 = 8*n. Let x be 9 - (-1 + 6/2). Calculate the highest common divisor of x and n.
7
Let z(t) = -t + 7. Let q be z(-9). Calculate the highest common divisor of q and 16.
16
Suppose -5*n = -6 + 1. Let f be 6 + -3 - -2*1. Suppose -2*z + z - 20 = -2*b, -52 = -f*b + 3*z. What is the greatest common factor of b and n?
1
Suppose 4*i - 5*i = -81. What is the highest common divisor of i and 9?
9
Suppose l - 3 = -4*m, 5*l - 72 = 2*m - 3*m. Calculate the greatest common factor of l and 3.
3
Let m = 20 + -15. Suppose -2*h - 3*h - 25 = 0, 0 = -m*x + 2*h + 65. Calculate the greatest common factor of x and 22.
11
Let w(d) = -2 + d**2 + d**2 + 7*d - d**2 - 8*d. Let j be w(-3). What is the highest common factor of 20 and j?
10
Suppose 5*y - 223 - 108 = -4*u, 0 = -2*u + 2*y + 170. Let w be (4/6)/(4/72). What is the highest common divisor of w and u?
12
Suppose -3*n + n + 2 = 0, 2*n = 2*r - 16. Calculate the highest common factor of r and 9.
9
Let s be 10 - 11 - (-4 + 1). Suppose -25 = s*c - 95. Calculate the highest common factor of c and 5.
5
Let w(q) = 4*q + 4. Let c be w(6). Calculate the greatest common divisor of c and 56.
28
Let q(h) = h + 13. Let g be q(-9). Suppose 4 = w, -g*w = 3*i - 38 + 4. Calculate the highest common divisor of i and 12.
6
Let u be 1*22/(1 + 1). Let o = 3 + 118. Calculate the highest common divisor of u and o.
11
Suppose 0 = -4*j - 5*k + 53, -6*k + k + 29 = 2*j. Let w be ((-4)/(-6))/(2/360). What is the greatest common divisor of w and j?
12
Let r(c) = c**3 + 11*c**2 + c + 16. Let x be r(-11). Suppose -x*h = -3*d - 11, 0*h + 3*h - 3*d - 3 = 0. Calculate the greatest common divisor of h and 10.
2
Let z(u) = 17*u - 6. Suppose 2*f + 4*r = 28, -5*f = 4*r - 49 - 3. Let n be z(f). Let h = n + -42. What is the highest common factor of 11 and h?
11